{"id":3,"date":"2022-12-21T20:50:08","date_gmt":"2022-12-21T19:50:08","guid":{"rendered":"https:\/\/viagracontrareembolso.com\/?page_id=3"},"modified":"2023-01-02T19:23:58","modified_gmt":"2023-01-02T18:23:58","slug":"politica-privacidad","status":"publish","type":"page","link":"https:\/\/viagracontrareembolso.com\/?page_id=3","title":{"rendered":"Pol\u00edtica de Privacidad"},"content":{"rendered":"<div class=\"gb-container gb-container-77ab8bc0\"><div class=\"gb-inside-container\">\n<p>Proteger la seguridad y privacidad de sus datos personales, as\u00ed como el uso responsable de estos datos, es importante para nosotros. Por lo tanto, nuestra farmacia online opera de conformidad con las leyes de privacidad y protecci\u00f3n de datos aplicables. A continuaci\u00f3n, describimos los tipos de datos personales que podemos recibir en relaci\u00f3n con su uso FarmaciaFando.com y nuestros servicios, los fines para los que utilizamos dichos datos y las partes con las que podemos compartir los datos, en su caso.<\/p>\n\n<p>Recopilaci\u00f3n de Datos y Finalidad del Tratamiento<\/p>\n\n<p>Recopilamos datos personales (por ejemplo, nombres y apellidos, direcciones de facturaci\u00f3n\/env\u00edo, n\u00fameros de tel\u00e9fono y direcciones de correo electr\u00f3nico) en relaci\u00f3n con el funcionamiento de nuestra farmacia solo cuando usted nos ha proporcionado voluntariamente dichos datos (por ejemplo, a trav\u00e9s del registro, el contacto con consultas, encuestas, etc.), y cuando tengamos derecho a procesar o utilizar dichos datos en virtud de un permiso otorgado por usted o sobre la base de una disposici\u00f3n legal.<\/p>\n\n<p>Como regla general, utilizamos sus datos con el \u00fanico fin para el que nos ha divulgado los datos, como para responder a sus consultas, procesar sus pedidos o concederle acceso a cierta informaci\u00f3n u ofertas especiales.<\/p>\n\n<p>Compartimento de Datos<\/p>\n\n<p>En la medida en que haya proporcionado su consentimiento, podremos compartir sus datos personales, cuando proceda, con filiales de nuestra empresa, que act\u00faen en nuestro nombre, para su posterior procesamiento siguiendo la finalidad para la que se recopilaron inicialmente los datos, o pueden ser tratados legalmente, como por ejemplo para los servicios entrega. Sus datos se procesan y comparten \u00fanicamente en relaci\u00f3n con las leyes y normativas aplicables y de conformidad con ellas. No vendemos ni comercializamos sus datos personales a terceros.<\/p>\n\n<p>Cookies<\/p>\n\n<p>Una \u00abcookie\u00bb es un peque\u00f1o archivo de texto colocado en su ordenador o dispositivo m\u00f3vil cada vez que visita un sitio web. Utilizamos cookies con el \u00fanico prop\u00f3sito de hacer que nuestra farmacia funcione de manera m\u00e1s eficiente. Esto nos ayuda a proporcionarle una gran experiencia de cliente al comprar en el Sitio Web.<\/p>\n<\/div><\/div>","protected":false},"excerpt":{"rendered":"<p>Proteger la seguridad y privacidad de sus datos personales, as\u00ed como el uso responsable de estos datos, es importante para nosotros. Por &#8230; <a title=\"Pol\u00edtica de Privacidad\" class=\"read-more\" href=\"https:\/\/viagracontrareembolso.com\/?page_id=3\" aria-label=\"Leer m\u00e1s sobre Pol\u00edtica de Privacidad\">Leer m\u00e1s<\/a><\/p>\n","protected":false},"author":1,"featured_media":0,"parent":0,"menu_order":0,"comment_status":"closed","ping_status":"closed","template":"","meta":{"_coblocks_attr":"","_coblocks_dimensions":"","_coblocks_responsive_height":"","_coblocks_accordion_ie_support":"","_monsterinsights_skip_tracking":false,"_monsterinsights_sitenote_active":false,"_monsterinsights_sitenote_note":"","_monsterinsights_sitenote_category":0,"footnotes":""},"class_list":["post-3","page","type-page","status-publish"],"yoast_head":"<!-- This site is optimized with the Yoast SEO plugin v24.7 - https:\/\/yoast.com\/wordpress\/plugins\/seo\/ -->\n<title>Pol\u00edtica de Privacidad &#187; VIAGRA CONTRAREEMBOLSO<\/title>\n<meta name=\"robots\" content=\"index, follow, max-snippet:-1, max-image-preview:large, max-video-preview:-1\" \/>\n<link rel=\"canonical\" href=\"https:\/\/viagracontrareembolso.com\/?page_id=3\" \/>\n<meta property=\"og:locale\" content=\"es_ES\" \/>\n<meta property=\"og:type\" content=\"article\" \/>\n<meta property=\"og:title\" content=\"Pol\u00edtica de Privacidad &#187; VIAGRA CONTRAREEMBOLSO\" \/>\n<meta property=\"og:description\" content=\"Proteger la seguridad y privacidad de sus datos personales, as\u00ed como el uso responsable de estos datos, es importante para nosotros. Por ... Leer m\u00e1s\" \/>\n<meta property=\"og:url\" content=\"https:\/\/viagracontrareembolso.com\/?page_id=3\" \/>\n<meta property=\"og:site_name\" content=\"VIAGRA CONTRAREEMBOLSO\" \/>\n<meta property=\"article:modified_time\" content=\"2023-01-02T18:23:58+00:00\" \/>\n<meta property=\"og:image\" content=\"https:\/\/viagracontrareembolso.com\/wp-content\/uploads\/2023\/01\/viagra.jpg\" \/>\n\t<meta property=\"og:image:width\" content=\"500\" \/>\n\t<meta property=\"og:image:height\" content=\"500\" \/>\n\t<meta property=\"og:image:type\" content=\"image\/jpeg\" \/>\n<meta name=\"twitter:card\" content=\"summary_large_image\" \/>\n<meta name=\"twitter:label1\" content=\"Tiempo de lectura\" \/>\n\t<meta name=\"twitter:data1\" content=\"2 minutos\" \/>\n<script type=\"application\/ld+json\" class=\"yoast-schema-graph\">{\"@context\":\"https:\/\/schema.org\",\"@graph\":[{\"@type\":\"WebPage\",\"@id\":\"https:\/\/viagracontrareembolso.com\/?page_id=3\",\"url\":\"https:\/\/viagracontrareembolso.com\/?page_id=3\",\"name\":\"Pol\u00edtica de Privacidad &#187; VIAGRA CONTRAREEMBOLSO\",\"isPartOf\":{\"@id\":\"https:\/\/viagracontrareembolso.com\/#website\"},\"datePublished\":\"2022-12-21T19:50:08+00:00\",\"dateModified\":\"2023-01-02T18:23:58+00:00\",\"breadcrumb\":{\"@id\":\"https:\/\/viagracontrareembolso.com\/?page_id=3#breadcrumb\"},\"inLanguage\":\"es\",\"potentialAction\":[{\"@type\":\"ReadAction\",\"target\":[\"https:\/\/viagracontrareembolso.com\/?page_id=3\"]}]},{\"@type\":\"BreadcrumbList\",\"@id\":\"https:\/\/viagracontrareembolso.com\/?page_id=3#breadcrumb\",\"itemListElement\":[{\"@type\":\"ListItem\",\"position\":1,\"name\":\"Portada\",\"item\":\"https:\/\/viagracontrareembolso.com\/\"},{\"@type\":\"ListItem\",\"position\":2,\"name\":\"Pol\u00edtica de Privacidad\"}]},{\"@type\":\"WebSite\",\"@id\":\"https:\/\/viagracontrareembolso.com\/#website\",\"url\":\"https:\/\/viagracontrareembolso.com\/\",\"name\":\"FARMACIA ONLINE\",\"description\":\"Comprar Viagra Sin Receta\",\"publisher\":{\"@id\":\"https:\/\/viagracontrareembolso.com\/#organization\"},\"potentialAction\":[{\"@type\":\"SearchAction\",\"target\":{\"@type\":\"EntryPoint\",\"urlTemplate\":\"https:\/\/viagracontrareembolso.com\/?s={search_term_string}\"},\"query-input\":{\"@type\":\"PropertyValueSpecification\",\"valueRequired\":true,\"valueName\":\"search_term_string\"}}],\"inLanguage\":\"es\"},{\"@type\":\"Organization\",\"@id\":\"https:\/\/viagracontrareembolso.com\/#organization\",\"name\":\"FARMACIA ONLINE\",\"url\":\"https:\/\/viagracontrareembolso.com\/\",\"logo\":{\"@type\":\"ImageObject\",\"inLanguage\":\"es\",\"@id\":\"https:\/\/viagracontrareembolso.com\/#\/schema\/logo\/image\/\",\"url\":\"https:\/\/viagracontrareembolso.com\/wp-content\/uploads\/2024\/02\/COMPRAR-VIAGRA.png\",\"contentUrl\":\"https:\/\/viagracontrareembolso.com\/wp-content\/uploads\/2024\/02\/COMPRAR-VIAGRA.png\",\"width\":500,\"height\":500,\"caption\":\"FARMACIA ONLINE\"},\"image\":{\"@id\":\"https:\/\/viagracontrareembolso.com\/#\/schema\/logo\/image\/\"}}]}<\/script>\n<!-- \/ Yoast SEO plugin. -->","yoast_head_json":{"title":"Pol\u00edtica de Privacidad &#187; VIAGRA CONTRAREEMBOLSO","robots":{"index":"index","follow":"follow","max-snippet":"max-snippet:-1","max-image-preview":"max-image-preview:large","max-video-preview":"max-video-preview:-1"},"canonical":"https:\/\/viagracontrareembolso.com\/?page_id=3","og_locale":"es_ES","og_type":"article","og_title":"Pol\u00edtica de Privacidad &#187; VIAGRA CONTRAREEMBOLSO","og_description":"Proteger la seguridad y privacidad de sus datos personales, as\u00ed como el uso responsable de estos datos, es importante para nosotros. Por ... Leer m\u00e1s","og_url":"https:\/\/viagracontrareembolso.com\/?page_id=3","og_site_name":"VIAGRA CONTRAREEMBOLSO","article_modified_time":"2023-01-02T18:23:58+00:00","og_image":[{"width":500,"height":500,"url":"https:\/\/viagracontrareembolso.com\/wp-content\/uploads\/2023\/01\/viagra.jpg","type":"image\/jpeg"}],"twitter_card":"summary_large_image","twitter_misc":{"Tiempo de lectura":"2 minutos"},"schema":{"@context":"https:\/\/schema.org","@graph":[{"@type":"WebPage","@id":"https:\/\/viagracontrareembolso.com\/?page_id=3","url":"https:\/\/viagracontrareembolso.com\/?page_id=3","name":"Pol\u00edtica de Privacidad &#187; VIAGRA CONTRAREEMBOLSO","isPartOf":{"@id":"https:\/\/viagracontrareembolso.com\/#website"},"datePublished":"2022-12-21T19:50:08+00:00","dateModified":"2023-01-02T18:23:58+00:00","breadcrumb":{"@id":"https:\/\/viagracontrareembolso.com\/?page_id=3#breadcrumb"},"inLanguage":"es","potentialAction":[{"@type":"ReadAction","target":["https:\/\/viagracontrareembolso.com\/?page_id=3"]}]},{"@type":"BreadcrumbList","@id":"https:\/\/viagracontrareembolso.com\/?page_id=3#breadcrumb","itemListElement":[{"@type":"ListItem","position":1,"name":"Portada","item":"https:\/\/viagracontrareembolso.com\/"},{"@type":"ListItem","position":2,"name":"Pol\u00edtica de Privacidad"}]},{"@type":"WebSite","@id":"https:\/\/viagracontrareembolso.com\/#website","url":"https:\/\/viagracontrareembolso.com\/","name":"FARMACIA ONLINE","description":"Comprar Viagra Sin Receta","publisher":{"@id":"https:\/\/viagracontrareembolso.com\/#organization"},"potentialAction":[{"@type":"SearchAction","target":{"@type":"EntryPoint","urlTemplate":"https:\/\/viagracontrareembolso.com\/?s={search_term_string}"},"query-input":{"@type":"PropertyValueSpecification","valueRequired":true,"valueName":"search_term_string"}}],"inLanguage":"es"},{"@type":"Organization","@id":"https:\/\/viagracontrareembolso.com\/#organization","name":"FARMACIA ONLINE","url":"https:\/\/viagracontrareembolso.com\/","logo":{"@type":"ImageObject","inLanguage":"es","@id":"https:\/\/viagracontrareembolso.com\/#\/schema\/logo\/image\/","url":"https:\/\/viagracontrareembolso.com\/wp-content\/uploads\/2024\/02\/COMPRAR-VIAGRA.png","contentUrl":"https:\/\/viagracontrareembolso.com\/wp-content\/uploads\/2024\/02\/COMPRAR-VIAGRA.png","width":500,"height":500,"caption":"FARMACIA ONLINE"},"image":{"@id":"https:\/\/viagracontrareembolso.com\/#\/schema\/logo\/image\/"}}]}},"_links":{"self":[{"href":"https:\/\/viagracontrareembolso.com\/index.php?rest_route=\/wp\/v2\/pages\/3","targetHints":{"allow":["GET"]}}],"collection":[{"href":"https:\/\/viagracontrareembolso.com\/index.php?rest_route=\/wp\/v2\/pages"}],"about":[{"href":"https:\/\/viagracontrareembolso.com\/index.php?rest_route=\/wp\/v2\/types\/page"}],"author":[{"embeddable":true,"href":"https:\/\/viagracontrareembolso.com\/index.php?rest_route=\/wp\/v2\/users\/1"}],"replies":[{"embeddable":true,"href":"https:\/\/viagracontrareembolso.com\/index.php?rest_route=%2Fwp%2Fv2%2Fcomments&post=3"}],"version-history":[{"count":6,"href":"https:\/\/viagracontrareembolso.com\/index.php?rest_route=\/wp\/v2\/pages\/3\/revisions"}],"predecessor-version":[{"id":1471,"href":"https:\/\/viagracontrareembolso.com\/index.php?rest_route=\/wp\/v2\/pages\/3\/revisions\/1471"}],"wp:attachment":[{"href":"https:\/\/viagracontrareembolso.com\/index.php?rest_route=%2Fwp%2Fv2%2Fmedia&parent=3"}],"curies":[{"name":"wp","href":"https:\/\/api.w.org\/{rel}","templated":true}]}}